d 29260?
308
What is the highest common factor of 3 and 3?
3
What is the highest common divisor of 384 and 640?
128
What is the highest common factor of 9 and 63?
9
What is the highest common factor of 4425 and 75?
75
Calculate the highest common factor of 64869 and 21.
21
What is the greatest common divisor of 80 and 2090?
10
Calculate the highest common factor of 8840 and 612.
68
Calculate the highest common factor of 192 and 24.
24
What is the greatest common factor of 275 and 25?
25
What is the greatest common divisor of 1036 and 444?
148
Calculate the highest common divisor of 84 and 1246.
14
What is the highest common divisor of 11613 and 79?
79
What is the highest common factor of 24 and 128?
8
Calculate the greatest common divisor of 8 and 1.
1
Calculate the highest common divisor of 425 and 425.
425
Calculate the greatest common factor of 506 and 2484.
46
Calculate the greatest common factor of 35 and 1029.
7
Calculate the greatest common divisor of 100 and 33650.
50
Calculate the greatest common divisor of 77 and 1694.
77
What is the greatest common divisor of 72 and 198?
18
Calculate the greatest common divisor of 2850 and 684.
114
What is the highest common divisor of 92 and 12?
4
Calculate the highest common factor of 12565 and 70.
35
What is the highest common factor of 11 and 253?
11
Calculate the highest common factor of 3835 and 910.
65
What is the greatest common factor of 2825 and 452?
113
Calculate the highest common divisor of 18 and 16.
2
What is the highest common divisor of 51 and 17?
17
What is the greatest common factor of 11 and 85404?
11
What is the greatest common divisor of 200 and 250?
50
Calculate the greatest common divisor of 45 and 765.
45
Calculate the greatest common divisor of 640 and 220.
20
Calculate the greatest common divisor of 243 and 27.
27
What is the highest common factor of 72 and 126?
18
What is the highest common factor of 30 and 360?
30
Calculate the highest common divisor of 3183 and 6.
3
What is the greatest common factor of 24 and 296?
8
What is the greatest common divisor of 8774 and 164?
82
Calculate the greatest common divisor of 30 and 1005.
15
What is the greatest common divisor of 57 and 399?
57
What is the highest common divisor of 3 and 15?
3
What is the greatest common factor of 2567 and 1812?
151
What is the greatest common divisor of 8 and 64?
8
What is the highest common factor of 6 and 4?
2
What is the greatest common factor of 70812 and 252?
252
What is the highest common divisor of 10 and 130?
10
Calculate the greatest common divisor of 943 and 23.
23
What is the greatest common divisor of 1081 and 94?
47
What is the greatest common divisor of 207 and 36?
9
What is the highest common factor of 5690 and 40?
10
Calculate the greatest common divisor of 68 and 119.
17
What is the highest common divisor of 255 and 16915?
85
Calculate the highest common factor of 76 and 9842.
38
What is the highest common factor of 30 and 195?
15
What is the greatest common divisor of 8560 and 24?
8
Calculate the greatest common factor of 21 and 175.
7
Calculate the highest common divisor of 3822 and 39.
39
Calculate the greatest common divisor of 8749 and 13.
13
What is the greatest common divisor of 15 and 1920?
15
What is the highest common factor of 1640 and 120?
40
What is the greatest common factor of 126 and 336?
42
Calculate the highest common divisor of 312 and 1950.
78
Calculate the highest common divisor of 7 and 259.
7
Calculate the greatest common divisor of 475 and 152.
19
Calculate the greatest common factor of 2788 and 1066.
82
What is the greatest common factor of 156 and 1599?
39
Calculate the greatest common factor of 6436 and 4.
4
Calculate the highest common factor of 388 and 8.
4
Calculate the greatest common factor of 336 and 4494.
42
Calculate the highest common factor of 12 and 3012.
12
What is the greatest common factor of 7807 and 74?
37
Calculate the greatest common divisor of 48 and 2040.
24
What is the highest common divisor of 36 and 99?
9
What is the highest common factor of 340 and 1972?
68
What is the greatest common factor of 332 and 4?
4
What is the greatest common divisor of 1635 and 60?
15
Calculate the highest common factor of 29 and 5771.
29
What is the greatest common divisor of 18 and 198?
18
What is the highest common factor of 900 and 2500?
100
What is the greatest common factor of 237 and 3?
3
What is the greatest common factor of 76 and 1444?
76
Calculate the highest common factor of 2051 and 14.
7
Calculate the greatest common divisor of 522 and 18.
18
What is the greatest common factor of 18208 and 224?
32
What is the greatest common divisor of 21 and 6027?
21
What is the highest common divisor of 270 and 1440?
90
What is the greatest common divisor of 305 and 244?
61
What is the highest common factor of 140 and 80?
20
What is the highest common factor of 1331 and 1089?
121
What is the highest common divisor of 830 and 30?
10
Calculate the highest common divisor of 14235 and 585.
195
What is the highest common factor of 62 and 62?
62
Calculate the highest common divisor of 75 and 925.
25
Calculate the greatest common divisor of 51 and 159.
3
What is the greatest common divisor of 12 and 27?
3
What is the greatest common divisor of 4500 and 120?
60
Calculate the greatest common factor of 52 and 117.
13
Calculate the greatest common factor of 125 and 25.
25
Calculate the greatest common divisor of 32 and 2752.
32
What is the highest common divisor of 13369 and 29?
29
What is the greatest common divisor of 226 and 13786?
226
Calculate the greatest common factor of 6 and 150.
6
Calculate the greatest common divisor of 117 and 387.
9
Calculate the highest common divisor of 10 and 170.
10
Calculate the greatest common divisor of 2 and 64.
2
What is the highest common divisor of 4872 and 2268?
84
Calculate the greatest common factor of 238 and 588.
14
Calculate the highest common divisor of 14516 and 380.
76
What is the highest common divisor of 16 and 784?
16
Calculate the highest common divisor of 6908 and 66.
22
Calculate the highest common factor of 1121 and 437.
19
What is the highest common factor of 32 and 128?
32
What is the greatest common divisor of 115 and 6141?
23
Calculate the highest common divisor of 434 and 56.
14
Calculate the highest common divisor of 36 and 81.
9
Calculate the greatest common factor of 2912 and 1848.
56
What is the greatest common divisor of 741 and 114?
57
What is the greatest common divisor of 5558 and 14?
14
Calculate the highest common divisor of 742 and 14.
14
Calculate the greatest common factor of 3 and 1047.
3
What is the highest common factor of 41390 and 10?
10
What is the greatest common factor of 300 and 105?
15
What is the greatest common divisor of 736 and 3128?
184
What is the highest common factor of 1963 and 91?
13
Calculate the greatest common factor of 2783 and 1771.
253
Calculate the highest common factor of 177 and 2006.
59
What is the greatest common factor of 8 and 22?
2
Calculate the highest common divisor of 87 and 696.
87
Calculate the highest common divisor of 84 and 16.
4
What is the greatest common divisor of 216 and 96?
24
What is the highest common factor of 378 and 70?
14
Calculate the greatest common divisor of 14 and 56.
14
Calculate the greatest common factor of 2815 and 20.
5
Calculate the greatest common divisor of 27 and 369.
9
What is the highest common factor of 465 and 1245?
15
What is the highest common divisor of 1053 and 243?
81
What is the highest common divisor of 650 and 962?
26
Calculate the greatest common factor of 32 and 80.
16
Calculate the greatest common divisor of 66 and 352.
22
What is the highest common factor of 40 and 200?
40
What is the highest common factor of 380 and 16?
4
Calculate the highest common divisor of 252 and 84.
84
Calculate the greatest common factor of 22 and 2222.
22
What is the greatest common factor of 192 and 320?
64
Calculate the highest common factor of 145 and 2291.
29
What is the highest common factor of 8 and 94?
2
What is the greatest common divisor of 43 and 602?
43
What is the greatest common divisor of 32 and 520?
8
Calculate the greatest common divisor of 413 and 177.
59
Calculate the greatest common divisor of 33 and 1221.
33
Ca